divided by w?
14
Let g = -5512 + 6422. Calculate the remainder when g is divided by 25.
10
Let z = 90 - -192. Suppose -3*w + 3*b + z = 0, w - 100 = 3*b - 14. Calculate the remainder when w is divided by 26.
20
Let k(d) = -2*d**2 + 42*d. Let s be k(21). Suppose s = 5*u - 491 + 76. Calculate the remainder when u is divided by (-3)/3 + (-1 - -23).
20
Let f(r) = 69*r**2 - 3*r + 2. Let a = 7 + -6. Suppose 3*m - 45 = 24. What is the remainder when f(a) is divided by m?
22
Suppose 3*c + 521 = -5*w, -11*c = 4*w - 8*c + 418. Let g = w + 123. What is the remainder when 192 is divided by g?
12
Suppose -84 = -6*w + 27*w - 1932. Calculate the remainder when 629 is divided by w.
13
Let t(s) = 6*s**2 + 30*s + 156. Calculate the remainder when t(-4) is divided by (-203)/(-5) - (-4)/10.
9
Let m = 15746 - 14518. Calculate the remainder when m is divided by 103.
95
Let a be 313 + 0 + (-23 - -20). Suppose a = 4*w - 70. What is the remainder when w is divided by 25?
20
Let p(j) = j**2 + 11*j + 33. Let h be p(-18). Suppose -8*l - 63 = -h. Calculate the remainder when 311 is divided by l.
11
Let j = 34 + 89. Let c = -82 + j. Calculate the remainder when c is divided by (-2)/(-2)*(7 + 2).
5
Suppose 234 = 5*k - 4*g - 234, -4*k - 3*g = -393. Suppose -4*w = -112 - k. What is the remainder when w is divided by (-462)/(-14) - ((-25)/(-6) + (-3)/18)?
23
Let g(s) be the third derivative of 7*s**6/60 + s**5/30 - s**4/12 - s**2 + 5. Let u = 11 - 7. What is the remainder when g(1) is divided by u?
2
Let i(k) = -2*k**3 - 11*k**2 - 36*k - 121. Calculate the remainder when (-1*83)/(2/(-4)) is divided by i(-5).
30
Let j(i) = -i**2 - 4*i + 2. Let d be j(-4). Suppose d*k + 21 = k. Let q = 58 + k. What is the remainder when 73 is divided by q?
36
Let u = -287 + 266. What is the remainder when (u/3 + -1)*(-177)/12 is divided by 15?
13
Suppose -2*c + 2 + 8 = -2*p, 4*p + 4 = 0. What is the remainder when 140 is divided by c*(-2)/8 + 38?
29
Let h(u) = -u + 17. Let s be h(12). Let z be (s - 1)/(5*(-3)/(-690)). Suppose 84*t = 80*t + z. What is the remainder when t is divided by 19?
8
Let o(d) = d**2 + 12*d - 51. Let t be o(-18). Suppose 150 = 3*q - t. What is the remainder when q is divided by 8?
5
Let i = -6223 + 6233. What is the remainder when i is divided by 1?
0
Suppose -5*n + d + 311 = -2*d, -n - d + 67 = 0. Let r = 47 - 43. Let m = 26 - r. What is the remainder when n is divided by m?
20
Let y = 64 + -42. Suppose 2 = 2*u, 2*i - y = -3*i - 2*u. Suppose a = -0*a + i, 4*a = 5*j - 9. Calculate the remainder when j is divided by 4.
1
Let m = -310 - -304. Suppose -z + 4*z - 27 = 0. What is the remainder when z is divided by (m/(-2))/((-18)/12) - -9?
2
Let g(v) = 78*v**2 - v + 1. Suppose -4*z + 98 = 2*r, 113*r - 115*r + 118 = 5*z. What is the remainder when g(1) is divided by z?
18
Let g be ((-3)/(-9)*-1)/((-2)/(-24)). What is the remainder when g*-1*(-294)/(-12) is divided by 20?
18
Let n(y) = -3*y**2 - 56*y + 230. Calculate the remainder when 153 is divided by n(-21).
70
Suppose 5*m = a + 484, 0 = -5*m - 2*a + 4*a + 488. What is the remainder when m is divided by (-228655)/(-6950) + (-2)/(-20)?
30
Suppose k - 27*o = -25*o + 4579, -5*k = -o - 22940. Calculate the remainder when k is divided by 170.
169
Let t = -37 - -75. Let i = t - 36. What is the remainder when (-12 + 40)*i/4 is divided by 9?
5
Suppose 108*k - 110*k = -10. Suppose 0 = k*a + 29 + 66. Calculate the remainder when (1/(-3))/(a/3078) is divided by 14.
12
Let l = 356 + -353. Suppose -2*s + s = 5*z - 461, 0 = l*s - 5*z - 1463. Calculate the remainder when s is divided by 23.
21
Let s = -3217 + 3308. Calculate the remainder when 346 is divided by s.
73
Suppose 4*i + v - 66 = -4*v, 3*i - 53 = -2*v. Let n = -20 + 24. Suppose -2*p = n*q - 60, q + 113 - 38 = 2*p. What is the remainder when p is divided by i?
17
Let s = 2799 - 2214. Calculate the remainder when s is divided by 307.
278
Let a(z) = z**2 + 16*z + 10. Let g be a(-14). Let j = -6 - g. Let d = 2 + j. Calculate the remainder when d is divided by 5.
4
Let s be (-1)/(-2) + 8172/24. Suppose -320 = -3*p - c, -4*p - c + 87 = -s. Suppose -14*l - p = -18*l. What is the remainder when l is divided by 6?
3
Let t(f) = f**2 + 9*f + 8. Let l = 77 - 137. What is the remainder when 15/(l/(-16)) + 1 + 51 is divided by t(-11)?
26
Suppose 4*q = 2*s + 78, 13*q - 8*q - 5*s - 105 = 0. Suppose 0 = 24*r - q*r - 72. Calculate the remainder when 66 is divided by r.
6
Suppose -21 = -5*t + 69. Let w(a) = 2*a - 2. Calculate the remainder when w(t) is divided by 14.
6
Let i = -45 - -45. Suppose i = d - 11 + 9. Suppose d*t = -0*t - 3*o + 25, -4*t + 40 = 4*o. What is the remainder when 18 is divided by t?
3
Let c = -24401 - -25003. What is the remainder when c is divided by 121?
118
Calculate the remainder when 748 is divided by ((-676)/845)/(4/40*4/(-97)).
166
Suppose -3*y - 46 = -5*c + 34, 0 = -2*y. Suppose 27*d - 12*d + 6444 - 6519 = 0. What is the remainder when c is divided by d?
1
Let q(c) = -10*c + 151. Let p(n) = -2*n**2 + 9*n + 31. Let g be p(6). Calculate the remainder when 114 is divided by q(g).
9
Let w(g) = -92*g - 527. Let h(b) = b**2 - 10*b - 8. Let q be h(11). Suppose -q*a + 150 = 30. What is the remainder when w(-7) is divided by a?
37
Suppose -599 = -44*g + 790 - 25. Calculate the remainder when 38 is divided by g.
7
What is the remainder when 160 is divided by 136 + -1 - (-73 - -63)?
15
Let b(v) = v**2 + 11*v - 1683. Calculate the remainder when 356 is divided by b(38).
177
Suppose 7111 + 8729 = 16*a. Suppose -33*k + a = -28*k. What is the remainder when k is divided by 64?
6
Let u(k) = 2*k**3 + 38*k**2 + 13*k + 421. Calculate the remainder when u(-18) is divided by 275.
10
Let y(l) = l**3 + 4*l**2 - 3*l - 9. Suppose -4*p + 5*p + 5*k = 29, -3*p = 4*k - 131. Calculate the remainder when p is divided by y(-2).
4
Let u(c) = -c**3 - 9*c**2 - 19*c - 50. What is the remainder when 175 is divided by u(-8)?
23
Let x(o) = 9*o**3 - 2*o**2 + 2*o - 1. Suppose 15*b = 14*b + 4. Calculate the remainder when 10/b*(-196)/(-35) is divided by x(1).
6
Suppose -4*m - 10 = -2*z, -z + 9 = -m - 0*m. Let n be 38*(-30)/(-4 - 1). Suppose 0 = 8*x + 36 - n. Calculate the remainder when x is divided by z.
11
Suppose -y = 2*y - 1140. Suppose 4*h + y + 116 = 0. What is the remainder when ((-9)/18)/(-1*(-2)/h) is divided by 8?
7
Suppose -14*z + 2997 = 225. Suppose z = 23*w - 17*w. What is the remainder when w is divided by 7?
5
Let k = -15530 - -15596. What is the remainder when 1200 is divided by k?
12
Let g = -432 + 2821. What is the remainder when g is divided by 23?
20
Let l = 286 - 268. Suppose 37*c = 21*c + 1568. Calculate the remainder when c is divided by l.
8
Let d(g) = -38*g - 2982. What is the remainder when d(-81) is divided by 10?
6
Let r(x) = -2*x**2 - 4*x + 26. Suppose -5*g + w - 46 = 4*w, g + 12 = -2*w. Let j be r(g). Let d = 117 + j. What is the remainder when d is divided by 12?
11
Let x = 11 - 4. Let t(y) = -4*y**3 + 2*y**2 + 23 + 6*y**3 - y - 28. Calculate the remainder when t(2) is divided by x.
3
Let k = -77 + 136. Let y = 428 + -411. Suppose 26*z - y*z = 108. What is the remainder when k is divided by z?
11
Let t be 168/126*(-1)/(-2)*3. Calculate the remainder when 51 is divided by (150/7 - t) + 8/14.
11
Let a = 655 - -216. Calculate the remainder when a is divided by 38.
35
Let s(j) = 7*j**2 - 10*j + 8. Let l(v) = v**3 + 22*v**2 + 4. Let d be l(-22). What is the remainder when s(d) is divided by 27?
26
Let u = -16 + 22. Suppose 345 = 37*j - 22*j. Calculate the remainder when j is divided by u.
5
Let y(o) = 19*o - 1. Calculate the remainder when y(1) is divided by 54/12*1742/603.
5
Calculate the remainder when 51 is divided by (-2)/14 - 11484/(-2772).
3
Let f be (-44 + 1)/(-1) + 2. Suppose -8*x + 4*x + 16 = 0, -5*x + 146 = -3*y. Let q = f + y. Calculate the remainder when 7 is divided by q.
1
Suppose 1159 = 15*u - 184 - 4282. What is the remainder when u is divided by 318?
57
Suppose 111*l - 36*l = 4875. Calculate the remainder when l is divided by 31.
3
Suppose 1330 = 17*y + 48*y - 27595. Calculate the remainder when y is divided by 28.
25
Suppose 20*h - 3768 = 12*h. Let u = h + -458. What is the remainder when 62 is divided by u?
10
Suppose 0 = -5*u - 0*u + 305. Suppose -5*h - 4326 = -2